ose 5*f = 40*g - 44*g + 1293851, 517554 = 2*f + 5*g. Is f a composite number?
True
Suppose -2*q + 2*j + 19122 = 0, -q - 8*j = -5*j - 9553. Let a = q + -1842. Is a prime?
True
Let k be (1/(-3))/((-2)/174). Let v = 32 - k. Is (53184/9)/4 + v/(-9) a prime number?
False
Suppose -v - 1 = -0, -k - 3*v = 14. Is (9 + -10)/(1/k) a prime number?
True
Let s = -31 - -38. Suppose s = -2*c + 97. Let z = c - -156. Is z a composite number?
True
Suppose -23 - 17 = 4*g. Let s be 2*(g/4 + 4). Suppose s*k - 146 = 115. Is k a composite number?
True
Suppose -16*r = -12*r - 68. Let v(a) = 4*a**2 + 13*a - 11. Let j be v(r). Let x = j - 957. Is x a prime number?
True
Let i be (3186/135)/((-29)/(-15) + -2). Let k = 53 - i. Is k a prime number?
False
Let c be 52 + (1/(-3) - 30/(-9)). Let u = -81 + c. Is -1 + (-6218)/(-7) - u/(-91) a composite number?
False
Let o = -465 - -1069. Let g = o - 318. Suppose 6*p - g = 392. Is p a composite number?
False
Let m(f) = 54*f**2 + 2*f + 13. Let w be m(5). Let d = w - -1260. Is d a composite number?
False
Suppose 18501 = 19*i + 2*i. Let d = i + 1388. Is d prime?
True
Suppose 36*k + 3844079 = 4604940 + 5372711. Is k composite?
True
Let a(x) = -2*x**3 - 2*x**2 + 2*x - 1. Let z be a(1). Is (-7838)/(-3) - 2 - 1/z a composite number?
True
Let x = 79928 - 49767. Is x a composite number?
False
Let m be 5 - (0 + -17003 - -5). Let u = m - -2644. Let o = u + -3470. Is o a composite number?
True
Suppose 4*c - 3*c + 2*p - 6 = 0, -15 = 5*c - 5*p. Suppose c = 5*u - 12069 - 10396. Is u prime?
True
Let v(q) = q**3 + 3*q**2 + 11*q - 19. Suppose 14 - 24 = -5*i. Let o be 4 - (i + (-3 - 1)). Is v(o) composite?
True
Let w be 176204 + (0 - -4 - 12). Suppose 0 = d - 5*c - 43035, -5*d - 3*c + 39035 + w = 0. Is d a prime number?
False
Let w(u) = u**3 + 10*u**2 - 11*u + 15. Let k be w(-10). Let z = k - 110. Suppose 339 = z*b - 246. Is b composite?
True
Suppose q + 4*o - 4998 = 0, -24150 + 4172 = -4*q - 2*o. Suppose 3 = -3*x - 3*l, 13 = 5*x - 4*l + 3*l. Suppose 9*m - q = -x*m. Is m composite?
True
Let h = -26 + 35. Let l(x) = 18*x + 17. Let n be l(h). Let j = n + -88. Is j prime?
False
Let a(o) = 25*o**2 + 1669*o - 93. Is a(85) a composite number?
False
Let c = -1235796 - -2264899. Is c composite?
False
Let s be 17 - 12 - (0/(-3) - -82043). Let v = -50491 - s. Is v a prime number?
True
Let g(y) = y**3 - 17*y**2 - 18*y + 25. Suppose 3 = d - x - 23, 4*x = -12. Is g(d) a prime number?
False
Let a be (-1650)/(-4)*((-48)/5)/(-3). Let i = 177 + a. Is i prime?
False
Let h = -115 - -119. Suppose 381 = 2*g + 5*w, -426 = -2*g - 0*g + h*w. Is g a composite number?
True
Suppose 4*j - 494 - 139 = 3*i, -2*i - 418 = -4*j. Let v = i - -400. Is v composite?
True
Is (32/200)/((-8)/20)*(-6870860)/8 composite?
False
Let c be 5 + (1 - (5 + 1 + (-1604 - -14))). Let x(p) = 36*p**3 + 5*p**2 - p. Let b be x(4). Suppose -c = -10*l + b. Is l prime?
True
Suppose 6*h - 213*h + 29*h + 25457026 = 0. Is h composite?
True
Let j = 5808 - 8964. Let n = j - -4433. Is n a composite number?
False
Is 427782560/1632 + (-4)/6 composite?
False
Suppose 14 = 9*w - 2*w. Suppose 0*o + 10761 = w*o + t, -16142 = -3*o - t. Is o composite?
False
Let t be (-3 - -3 - 1) + 0. Let w be (1/(-8)*-4)/t*2678. Let f = 2394 + w. Is f prime?
False
Let a = 672 + -670. Suppose 2608 = -a*q + 5*x + 7237, 5*q - 11515 = x. Is q prime?
False
Suppose 0 = 3*w - 4*y - 254493, -2*y + 212071 - 42423 = 2*w. Is w prime?
True
Suppose 0 = -22*p + 27*p - 10. Suppose 5*i - 2*o - 28987 = 0, 0*i - 11610 = -p*i - 3*o. Suppose 0 = 4*a - 0*g + g - 11593, 2*a + g = i. Is a composite?
False
Let x(g) = -2018*g + 73. Is x(-2) prime?
False
Suppose 4*x + 31 = 3*s, 2*s + 0*x = 5*x + 16. Suppose 0 = s*p - 26672 + 7978. Is p prime?
False
Suppose 16735 = h + 3*l, 3*h - 4*l - 58708 + 8529 = 0. Is h a prime number?
True
Suppose -2*f + 2*k + 119128 = 0, 3*k = -f + 31630 + 27946. Is f prime?
True
Suppose 0 = -5*s - 4*t + 9*t - 265, 0 = -s - 5*t - 59. Is 2/(-9) + (-4 - 16050/s) a composite number?
False
Suppose x - 100069 = -3*z, 0 = -39*x + 37*x + z + 200138. Is x prime?
True
Let y = 387 - 1303. Let g be ((-6)/(-4))/((-2)/y). Let p = -370 + g. Is p prime?
True
Let d be (25784/(-10) - -2) + 64/160. Let l = 3765 + d. Is l a prime number?
False
Let i(b) = -82*b + 141. Suppose 5 = -5*p, h + 1 + 15 = -5*p. Is i(h) a composite number?
True
Is 308712 - 0 - -15*12/180 a prime number?
True
Let r(j) = -13*j - 12. Let h be r(-4). Let s = h + 691. Is s a composite number?
True
Let i be (-5)/((-5)/2) + 4 + -42828. Is 5/((-105)/i) - 10/70 a composite number?
False
Let l(p) = p**3 - 6*p**2 - 19*p - 4. Let d be l(8). Let m = d + 27. Is m - (4 + (-13568)/(3 - 1)) a composite number?
False
Let a(v) = -4*v**2 - 6*v - 2. Let d be a(-1). Suppose -4*g + 8*g + 3*i - 42839 = d, 0 = -4*g + 4*i + 42832. Is g a composite number?
False
Suppose -8*u - 42183 + 197167 = 0. Is u composite?
False
Suppose 0 = m - 0*m - 4*w - 2, -5*m + 3*w = -44. Let z be 4 - (-1 + -4 + m). Is z/(-3) - 520/(-15) a composite number?
True
Suppose g - 4*g - 952 = -5*a, -4*a = 5*g - 732. Let d be 7/(539/(-14)) - 10611/(-99). Let z = d + a. Is z a composite number?
True
Is (640634/(-3))/((-36)/27)*(-21 + 23) composite?
False
Suppose 23 = 6*w - 1. Is -2*(-24)/(-36)*(-627)/w a prime number?
False
Let f be (16/(-40))/(1 - (-12)/(-10)). Suppose -g + 2434 = -n, 9*g + f*n + 12155 = 14*g. Is g a composite number?
True
Suppose -126*v + 103*v = -1307113. Is v a composite number?
True
Suppose 6*z - 62 = 88. Suppose 10 + z = 7*j. Suppose 0 = j*q - 2293 + 708. Is q prime?
True
Let m(l) = 936*l**2 + 121*l - 1612. Is m(15) a prime number?
True
Suppose -6*h = -8*h + 6828. Suppose -h = -2*q + 4076. Suppose x = 4*a + 879, -5*x - 5*a + q = -600. Is x prime?
False
Suppose 14*q - 3566805 = 444167. Is q a prime number?
False
Suppose -73*g = -18 - 128. Suppose -15 = -3*l - 2*l. Suppose -558 = -o - n, 0 = -g*o + l*n + 73 + 1068. Is o a composite number?
False
Let b = 1351 - -127282. Is b composite?
True
Suppose 354004 = -9*d + 14*d - 3*h, 0 = -5*h - 15. Is d a composite number?
True
Let a = 720462 + -116645. Is a a prime number?
True
Let m = 99 - 96. Let g(l) = 1057*l + 12. Is g(m) prime?
False
Let c(d) = 2*d**3 + 16*d**2 + 2. Let b be c(-8). Suppose 4 = b*l + 20. Is l/16*(1 + -1479) prime?
True
Suppose 5*m - 12375 = k, -2*m + 37125 = -3*k + 3*m. Let a = 19622 + k. Is a a composite number?
False
Let h(b) = -43 - 6 + 7 - 653*b - 64. Is h(-3) a composite number?
True
Suppose -2*z = -8767 + 1381. Suppose -5*a + z = -2322. Is a prime?
False
Suppose -p - 14 = -5*p + 2*s, -p + 3*s = 9. Suppose p*k = 8*k - 1366. Is k composite?
False
Suppose -3*d + 1164 = -2*x - 2591, 3731 = 3*d + 4*x. Is d a composite number?
False
Suppose -6*p + 17259 = -163287. Let k = p + -57871. Is (-2)/(-7) + k/(-84) a prime number?
True
Let z(b) be the third derivative of -17*b**4/6 + 29*b**3/3 - 45*b**2. Is z(-2) composite?
True
Let q = -76 + 40. Let d = 43 + q. Suppose -2*m - d = -33. Is m a prime number?
True
Let w(h) = -3*h - 52. Let p be w(-19). Let l be ((-18)/3)/3 + -1. Is 112 - p/((-15)/l) prime?
False
Suppose -2*a - 3133 = -5*u, -14*u + 4*a = -9*u - 3131. Let s = u - -14342. Is s composite?
False
Let q(o) be the third derivative of 13*o**5/60 - 13*o**4/24 - 11*o**3/3 + o**2 - 6*o. Is q(-19) a composite number?
True
Let f = 522 - 268. Let h(d) = -18*d**3 - d**2 + 1. Let q be h(-2). Let m = q + f. Is m a prime number?
False
Suppose 18 = 7*s - 10. Suppose 2*d - 896 = -s*f - 0*d, 5*f + 4*d = 1126. Is f*(-8)/(-12) + (-1)/(-1) a prime number?
True
Let s = 29 + -23. Suppose s*l - 75 - 399 = 0. Is l a composite number?
False
Let c(z) = -z**2 + 13*z - 10. Let s be c(11). Let u = 25 + s. Is u a prime number?
True
Is (13 - 30)*34157/((-5)/5) prime?
False
Let y(j) = -1475*j**3 + 39*j**2 + 41*j + 198. Is y(-7) prime?
False
Let f(i) = 16*i**2 - 12*i - 85. Let l(p) = -5*p**3 + 4*p**2 - 3*p - 2. Let c be l(1). Is f(c) composite?
False
Let j = 377 + -10140. Let a = j - -14466. Is a a prime number?
True
Let d(v) = 6056*v - 87. Let u be d(4). Let b = u + -17092. Is b a composite number?
True
Let t = 1920 - -9400. Let z = 19925 - t. Is z prime?
False
Let q(s) = -s**3 - 18*s**2 + 43*s + 32. Let g be q(-20). Is -2566*3*g/168 prime?
True
Suppose o = -i - 19, 14*i = -2*o + 9*i 